ase 5, what is -2142344232 - 4?
-2142344241
In base 15, what is -e6 + -9b?
-192
In base 15, what is 45722 + -1e5?
4552c
In base 4, what is 22233312 + -132013?
22101233
In base 16, what is -bc357 - -21?
-bc336
In base 12, what is 15 + 18075?
1808a
In base 4, what is -20 + 323222011?
323221331
In base 5, what is -3 - -144240043?
144240040
In base 9, what is 1126 + 27776?
30013
In base 7, what is -2 + -1012110004?
-1012110006
In base 11, what is 643646 - 435?
643211
In base 2, what is 1 - 111001101000111000?
-111001101000110111
In base 6, what is 5 + 3534245240?
3534245245
In base 6, what is 15205 + 243542?
303151
In base 12, what is 1273787 + 29?
12737b4
In base 16, what is -10 + 656b12?
656b02
In base 16, what is 4561 - 7c08?
-36a7
In base 12, what is -10 - -6a208?
6a1b8
In base 7, what is 1223103 - -22?
1223125
In base 4, what is -233123101030 - 11?
-233123101101
In base 5, what is -10040233 + 223333?
-4311400
In base 9, what is -45027 - 1486?
-46524
In base 12, what is -2 - 43a340?
-43a342
In base 3, what is 22101022121001212 + -12?
22101022121001200
In base 15, what is 21d5288e - 4?
21d5288a
In base 5, what is -4 + -12403410002?
-12403410011
In base 16, what is -2 + -272ef86?
-272ef88
In base 6, what is 2424233544 - -4?
2424233552
In base 5, what is 4433432 - -1000?
4434432
In base 13, what is 36882 + 16c?
36a21
In base 4, what is -312120 + 12020320?
11102200
In base 16, what is 6747 + -37?
6710
In base 8, what is 23741271 + 27?
23741320
In base 2, what is -11100001 + -110011100000101101?
-110011100100001110
In base 4, what is -1 - -111233202111?
111233202110
In base 3, what is 110220200210 - 1020?
110220122120
In base 6, what is 2303 + 11204213?
11210520
In base 15, what is -2141 + -12dda?
-1502b
In base 12, what is 798a417 - -2?
798a419
In base 9, what is -30261218 + -5?
-30261224
In base 15, what is 176d + 19d?
191b
In base 16, what is -4b + -35e3e1?
-35e42c
In base 5, what is -33 + 12303331401?
12303331313
In base 7, what is 4020531114 + 4?
4020531121
In base 9, what is -7617285 - 8?
-7617304
In base 8, what is -1 + -66044376?
-66044377
In base 13, what is -172 - -28831?
2868c
In base 7, what is 35 + 60143212?
60143250
In base 4, what is 22323121000 + -11?
22323120323
In base 11, what is 2 - 1a230277?
-1a230275
In base 9, what is 238345 + 228?
238574
In base 2, what is 1110000001101111001011 - 1000?
1110000001101111000011
In base 4, what is 1112 + -1301113000?
-1301111222
In base 13, what is 297c4 - 754?
29070
In base 7, what is -524 - -136006?
135152
In base 3, what is -20201 + -110121201110?
-110121222011
In base 2, what is -1000000110011011010 - -1000011?
-1000000110010010111
In base 16, what is 41004af + 2?
41004b1
In base 5, what is -13 - -13403130?
13403112
In base 5, what is 2 - 32420344044?
-32420344042
In base 13, what is -1 - 12a70?
-12a71
In base 6, what is 12152 + -2014454?
-2002302
In base 4, what is -31020222 + -222002?
-31302230
In base 2, what is -10101111100 + 1010010100010001111?
1010010001100010011
In base 16, what is 8 - -733342?
73334a
In base 14, what is 402 - 2332?
-1d30
In base 16, what is -3763 - -30d?
-3456
In base 15, what is -3 + -d3ae2c?
-d3ae30
In base 12, what is -97 - -97976?
9789b
In base 10, what is -5612203 - -4?
-5612199
In base 10, what is 0 - -10713459?
10713459
In base 15, what is 4 - -218d91?
218d95
In base 3, what is 1222202122102211 - -11?
1222202122102222
In base 5, what is -12 + -20314220340?
-20314220402
In base 13, what is 451a1b - 27?
4519c4
In base 15, what is d + -67bde?
-67bd1
In base 3, what is 220010 - -12220201121?
12221121201
In base 14, what is 12 - -b542d?
b5441
In base 11, what is -8668 - -13?
-8655
In base 16, what is 157 - 4c04?
-4aad
In base 12, what is a9 + -b9380?
-b9293
In base 2, what is -10010100001011000 + 10011100?
-10010011110111100
In base 11, what is 2 + 2053525?
2053527
In base 10, what is 260 - 202931?
-202671
In base 12, what is 475 - -a451?
a906
In base 12, what is -861 + -31951?
-325b2
In base 8, what is -30 + 365712?
365662
In base 12, what is -9190 + 46a?
-8922
In base 16, what is 3001f + 1e5?
30204
In base 2, what is -101110111010000 - 11100111011111?
-1001011110101111
In base 5, what is 312 - 112141?
-111324
In base 10, what is -2 - -105752722?
105752720
In base 7, what is 14 + -15665300?
-15665253
In base 2, what is -1010111001101110000111001 - -1?
-1010111001101110000111000
In base 9, what is 25 - -668526?
668552
In base 13, what is -4128 + 12b?
-3cca
In base 8, what is 4 - -115317205?
115317211
In base 12, what is -a692a + 539?
-a63b1
In base 7, what is -340 + 2015522?
2015152
In base 10, what is -4 + 100587206?
100587202
In base 4, what is 200120 - -10211211?
11011331
In base 6, what is 1522124240 - -3?
1522124243
In base 8, what is -156 - 2747122?
-2747300
In base 3, what is 211 + 122020122101212?
122020122102200
In base 2, what is -1111 - 10101000100010000110011?
-10101000100010001000010
In base 10, what is -3 + -23970327?
-23970330
In base 11, what is -26485679a + 5?
-264856795
In base 16, what is 2251b7 + -4d?
22516a
In base 9, what is 10186 + -15051?
-4754
In base 13, what is -7 + 1912671?
1912667
In base 10, what is 684377 - -8?
684385
In base 7, what is -212434041 - -5?
-212434033
In base 16, what is 25d52a86 + 0?
25d52a86
In base 2, what is -10010110000 + -10110011011?
-101001001011
In base 3, what is 22200 + 2110010221?
2110110121
In base 10, what is -9520816 - -2?
-9520814
In base 2, what is -100001111111011100110001000 - -100?
-100001111111011100110000100
In base 13, what is 4 - -12a3c087?
12a3c08b
In base 4, what is -223 - 31001013?
-31001302
In base 4, what is 1020002112 - -1133?
1020003311
In base 13, what is -6b1 - 12494?
-12b75
In base 9, what is -210 - 26153?
-26363
In base 16, what is -22e0082 + -c?
-22e008e
In base 2, what is -11111011001110011011010110 - 100?
-11111011001110011011011010
In base 4, what is 10032132000 + -10000?
10032122000
In base 7, what is 4024 - -4156?
11213
In base 2, what is -100110001011011010 + -1001000101?
-100110010100011111
In base 2, what is 110 - 111111000000011111101110011?
-111111000000011111101101101
In base 16, what is -1b869 - -499?
-1b3d0
In base 3, what is -11212221112000 + -1120?
-11212221120120
In base 8, what is 630647 - 357?
630270
In base 2, what is -1001101101111111111 + -11000101?
-1001101110011000100
In base 4, what is 202211023 + -1?
202211022
In base 16, what is -2 - 4e00e97?
-4e00e99
In base 2, what is -10011010110111010011000 + 100?
-10011010110111010010100
In base 12, what is -2218 - -45925?
43709
In base 2, what is -11101110101101000110 - 10011?
-11101110101101011001
In base 7, what is 4653421025 - 2?
4653421023
In base 16, what is 1ad + a60d?
a7ba
In base 15, what is 1a811 - -7b?
1a88c
In base 3, what is 11101 - -100001110112010?
100001110200111
In base 10, what is -532 - -638752?
638220
In base 9, what is -13 - 21010?
-21023
In base 8, what is -7545 + -20020?
-27565
In base 4, what is 32112131 - -223?
32113020
In base 10, what is -46152 + -104?
-46256
In base 16, what is -6 - 3696aa?
-3696b0
In base 16, what is -341d33 - 6?
-341d39
In base 15, what is 105 - -1ae33?
1b038
In base 7, what is 126 + -14604154?
-14604025
In base 14, what is -3dbb724 - 22?
-3dbb746
In base 4, what is 103202331 + 23223?
103232220
In base 9, what is -12818565 + 0?
-12818565
In base 6, what is 111124041 + 124?
111124205
In base 7, what is 102601 + -4306?
65262
In base 12, what is 1 + 26a17520?
26a17521
In base 10, what is -560792471 + -3?
-560792474
In base 5, what is -12242404 - 223?
-12243132
In base 13, what is 1 + 3725191?
3725192
In base 9, what is -13 + 127772808?
127772785
In base 11, what is -641a24 + -22?
-641a46
In base 2, what is -11000000001010011110110 - 11?
-11000000001010011111001
In base 6, what is -1 + -50434145?
-50434150
In base 6, what is -102502232 + 4?
-102502224
In base 10, what is -7210325 + 5?
-7210320
In base 6, what is -130 - 5402?
-5532
In base 3, what is 12121 - -11101011110?
11101101001
In base 4, what is -1322312122133 + 12?
-1322312122121
In base 15, what is -4e + 8650d?
864ae
In base 6, what is 1203022 + 235?
1203301
In base 2, what is 11111111 + -101001110011010011?
-101001101111010100
In base 9, what is -26734863 + -6?
-26734870
In base 14, what is 16 - -264c8b?
264ca3
In 